{"id":11223,"date":"2025-06-03T18:53:09","date_gmt":"2025-06-03T10:53:09","guid":{"rendered":"https:\/\/discountstorebd.online\/shop\/flovida-wischmopp\/"},"modified":"2025-06-03T23:58:16","modified_gmt":"2025-06-03T15:58:16","slug":"flovida-wischmopp","status":"publish","type":"product","link":"https:\/\/discountstorebd.online\/?product=flovida-wischmopp","title":{"rendered":"\u3010New User Activity\u3011Flovida- Wischmopp"},"content":{"rendered":"<p>Dieser Wischmopp mit innovativem Zwei-Kammer-System macht das Putzen einfacher und hygienischer. Schmutzwasser und sauberes Wasser werden getrennt, sodass du stets mit sauberem Wasser wischst. Der 360\u00b0-Moppkopf erreicht jede Ecke, w\u00e4hrend das integrierte Selbstreinigungssystem die Wischfasern effizient s\u00e4ubert und trocknet. Ideal f\u00fcr streifenfreie B\u00f6den und ein m\u00fcheloses Reinigungserlebnis.<\/p>\n","protected":false},"excerpt":{"rendered":"<p>Dieser Wischmopp mit innovativem Zwei-Kammer-System macht das Putzen einfacher und hygienischer. Schmutzwasser und sauberes Wasser werden getrennt, sodass du stets mit sauberem&hellip;<\/p>\n","protected":false},"featured_media":11224,"comment_status":"open","ping_status":"closed","template":"","meta":[],"product_brand":[],"product_cat":[15],"product_tag":[],"class_list":{"0":"post-11223","1":"product","2":"type-product","3":"status-publish","4":"has-post-thumbnail","6":"product_cat-uncategorized","8":"first","9":"instock","10":"shipping-taxable","11":"purchasable","12":"product-type-simple"},"_links":{"self":[{"href":"https:\/\/discountstorebd.online\/index.php?rest_route=\/wp\/v2\/product\/11223","targetHints":{"allow":["GET"]}}],"collection":[{"href":"https:\/\/discountstorebd.online\/index.php?rest_route=\/wp\/v2\/product"}],"about":[{"href":"https:\/\/discountstorebd.online\/index.php?rest_route=\/wp\/v2\/types\/product"}],"replies":[{"embeddable":true,"href":"https:\/\/discountstorebd.online\/index.php?rest_route=%2Fwp%2Fv2%2Fcomments&post=11223"}],"wp:featuredmedia":[{"embeddable":true,"href":"https:\/\/discountstorebd.online\/index.php?rest_route=\/wp\/v2\/media\/11224"}],"wp:attachment":[{"href":"https:\/\/discountstorebd.online\/index.php?rest_route=%2Fwp%2Fv2%2Fmedia&parent=11223"}],"wp:term":[{"taxonomy":"product_brand","embeddable":true,"href":"https:\/\/discountstorebd.online\/index.php?rest_route=%2Fwp%2Fv2%2Fproduct_brand&post=11223"},{"taxonomy":"product_cat","embeddable":true,"href":"https:\/\/discountstorebd.online\/index.php?rest_route=%2Fwp%2Fv2%2Fproduct_cat&post=11223"},{"taxonomy":"product_tag","embeddable":true,"href":"https:\/\/discountstorebd.online\/index.php?rest_route=%2Fwp%2Fv2%2Fproduct_tag&post=11223"}],"curies":[{"name":"wp","href":"https:\/\/api.w.org\/{rel}","templated":true}]}}